



{"id":276,"date":"2022-06-12T04:40:47","date_gmt":"2022-06-12T04:40:47","guid":{"rendered":"http:\/\/fdk.org.pl:443\/?page_id=276"},"modified":"2025-06-08T07:14:07","modified_gmt":"2025-06-08T07:14:07","slug":"dzialalnosc","status":"publish","type":"page","link":"https:\/\/fdk.org.pl\/?page_id=276","title":{"rendered":"Dzia\u0142alno\u015b\u0107"},"content":{"rendered":"\n<figure class=\"wp-block-embed is-type-video is-provider-youtube wp-block-embed-youtube wp-embed-aspect-16-9 wp-has-aspect-ratio\"><div class=\"wp-block-embed__wrapper\">\n<iframe loading=\"lazy\" title=\"Dzia\u0142alno\u015b\u0107\" width=\"750\" height=\"422\" src=\"https:\/\/www.youtube.com\/embed\/videoseries?list=PLFnbBxpgPvKTqoAvvtEPhimZ2zxpaLJfl\" frameborder=\"0\" allow=\"accelerometer; autoplay; clipboard-write; encrypted-media; gyroscope; picture-in-picture; web-share\" allowfullscreen><\/iframe>\n<\/div><\/figure>\n\n\n\n<p class=\"wp-embed-aspect-16-9 wp-has-aspect-ratio\"><a href=\"https:\/\/www.youtube.com\/playlist?list=PLFnbBxpgPvKTqoAvvtEPhimZ2zxpaLJfl\" target=\"_blank\" rel=\"noopener\" title=\"\">https:\/\/www.youtube.com\/playlist?list=PLFnbBxpgPvKTqoAvvtEPhimZ2zxpaLJfl<\/a><\/p>\n\n\n\n<p>Kr\u00f3tkie opisy naszych niekt\u00f3rych program\u00f3w:<\/p>\n\n\n\n<ul class=\"wp-block-list\">\n<li><a href=\"https:\/\/dioc.pl\" target=\"_blank\" rel=\"noopener\" title=\"\">Droga Integralnej Odnowy Cz\u0142owieka<\/a><\/li>\n\n\n\n<li><a href=\"https:\/\/fdk.org.pl\/?page_id=280\" target=\"_blank\" rel=\"noopener\" title=\"\">Strefa MOF Jaros\u0142aw-Przeworsk<\/a><\/li>\n\n\n\n<li><a href=\"https:\/\/fdk.org.pl\/?page_id=282\" target=\"_blank\" rel=\"noopener\" title=\"\">Via Reginae<\/a><\/li>\n\n\n\n<li><a href=\"https:\/\/fdk.org.pl\/?page_id=284\" target=\"_blank\" rel=\"noopener\" title=\"\">Europa Jagiellon\u00f3w \u2013 Via Jagiellonica<\/a><\/li>\n\n\n\n<li><a href=\"https:\/\/fdk.org.pl\/?page_id=302\" target=\"_blank\" rel=\"noopener\" title=\"\">Europejski Szlak Kulturowy Rakoczego<\/a><\/li>\n\n\n\n<li><a href=\"https:\/\/fdk.org.pl\/?page_id=304\" target=\"_blank\" rel=\"noopener\" title=\"\">Jaros\u0142aw \u2013 Magiczne miasto<\/a><\/li>\n\n\n\n<li><a href=\"https:\/\/fdk.org.pl\/?page_id=306\" target=\"_blank\" rel=\"noopener\" title=\"\">Europa \u2013 Ma\u0142opolska \u2013 Ruski Szlak<\/a><\/li>\n\n\n\n<li><a href=\"https:\/\/fdk.org.pl\/?page_id=308\" target=\"_blank\" rel=\"noopener\" title=\"\">Na Kupieckim Szlaku Via Regia \u2013 integracja region\u00f3w<\/a><\/li>\n\n\n\n<li><a href=\"https:\/\/www.facebook.com\/fdrogkulturowych\" target=\"_blank\" rel=\"noopener\" title=\"\">Polub nasz profil na Facebooku &#8211; B\u0105d\u017a na bie\u017c\u0105co<\/a><\/li>\n<\/ul>\n\n\n\n<p><strong>Portfolio:<\/strong><\/p>\n\n\n\n<p>Fundacja na sta\u0142e wsp\u00f3\u0142pracuje z gronem specjalist\u00f3w i ekspert\u00f3w, kt\u00f3rzy posiadaj\u0105 wiedz\u0119 i&nbsp;umiej\u0119tno\u015bci w zakresie przygotowywania i realizacji projekt\u00f3w spo\u0142ecznych, w tym mi\u0119dzy innymi, tworzenia oraz aktualizacji dokument\u00f3w strategicznych dla gmin i powiat\u00f3w.<\/p>\n\n\n\n<p>W naszym gronie znajduj\u0105 si\u0119 m.in. ekonomi\u015bci, socjolodzy, politolodzy, pedagodzy, psycholodzy, prawnicy, przedsi\u0119biorcy, duchowni,kt\u00f3rzy byli zaanga\u017cowani w realizacj\u0119 nast\u0119puj\u0105cych projekt\u00f3w\/dzia\u0142a\u0144:<\/p>\n\n\n\n<ol class=\"wp-block-list\">\n<li>Opracowanie projektu \u201eJaros\u0142aw \u2013 Magiczne miasto\u201d (projekt autorski)<\/li>\n\n\n\n<li>Opracowanie projektu \u201eEuropa \u2013 Ma\u0142opolska \u2013 Ruski Szlak\u201d (projekt autorski)<\/li>\n\n\n\n<li>Opracowanie projektu partnerskiego \u201eNa Kupieckim Szlaku Via Regia \u2013 integracja region\u00f3w\u201d (projekt autorski \u2013 4 partner\u00f3w)<\/li>\n\n\n\n<li>Opracowanie projektu partnerskiego \u201eVia Reginae\u201d PL SK(projekt autorski \u2013 17 partner\u00f3w)<\/li>\n\n\n\n<li>Opracowanie projektu partnerskiego \u201eVia Regia \u2013 Via Reginae\u201dPL BY UA (projekt autorski \u2013 23 partner\u00f3w)<\/li>\n\n\n\n<li>Opracowanie projektu partnerskiego \u201eVia Reginae \u2013 Szlak Turystyki Kwalifikowanej\u201d KontraktTerytorialny Wojew\u00f3dztwa Podkarpackiego (projekt autorski \u2013 14 partner\u00f3w)<\/li>\n\n\n\n<li>Opracowaniepartnerskiego mikroprojektu \u201eDroga Integralnej Odnowy Cz\u0142owieka &#8211; Via Reginae\u201d (projekt autorski \u2013 2 partner\u00f3w)<\/li>\n\n\n\n<li>Opracowanie projektu partnerskiego \u201eEuropejski Szlak Kulturowy Rakoczego\u201d (projekt autorski \u2013 6 partner\u00f3w)<\/li>\n\n\n\n<li>Udzia\u0142 w pracach i opracowanie Program\u00f3w Rewitalizacji;<\/li>\n\n\n\n<li>Udzia\u0142 w pracach nad Strategi\u0105 Zintegrowanych Inwestycji TerytorialnychRzeszowskiego Obszaru Funkcjonalnego;<\/li>\n\n\n\n<li>Udzia\u0142 w pracach nad Strategi\u0105 Zintegrowanych Inwestycji Terytorialnych Miejskiego Obszaru Funkcjonalnego;<\/li>\n\n\n\n<li>Udzia\u0142 w pracach nad Strategiami Rozwoju Gmin;<\/li>\n\n\n\n<li>Udzia\u0142 w pracach nad Strategiami Rozwi\u0105zywania Problem\u00f3w Spo\u0142ecznych;<\/li>\n\n\n\n<li>Udzia\u0142 w pracach nad Programami Rozwoju Ekonomii Spo\u0142ecznej;<\/li>\n\n\n\n<li>Powstanie Stowarzyszenia \u201eNa kupieckim szlaku\u201d \u2013 stowarzyszenie 14 jednostek samorz\u0105du terytorialnego (miast i powiat\u00f3w)<\/li>\n\n\n\n<li>Powstanie Klastra kulturowo-turystycznego Polski Wschodniej im. B\u0142. Jana Paw\u0142a II \u201eKlaster JP2\u201d \u2013 18 partner\u00f3w<\/li>\n\n\n\n<li>Powstanie Transgranicznego Klastra wsp\u00f3\u0142pracy przedsi\u0119biorstw bran\u017cy turystyczno-kulturowej \u201eKlaster Via Regia\u201d (4 partner\u00f3w)<\/li>\n<\/ol>\n\n\n\n<figure class=\"wp-block-table\"><table class=\"has-fixed-layout\"><tbody><tr><td><img decoding=\"async\" style=\"width: 150px;\" src=\"https:\/\/fdk.org.pl:443\/wp-content\/uploads\/2022\/06\/zm.jpg\" alt=\"\"><\/td><td><img decoding=\"async\" style=\"width: 150px;\" src=\"https:\/\/fdk.org.pl:443\/wp-content\/uploads\/2022\/06\/mm.jpg\" alt=\"\"><\/td><td><img decoding=\"async\" style=\"width: 150px;\" src=\"https:\/\/fdk.org.pl:443\/wp-content\/uploads\/2022\/06\/sm.jpg\" alt=\"\"><\/td><\/tr><tr><td>Zbigniew Mo\u017cd\u017ce\u0144<br>Prezes Zarz\u0105du<br>+48 508 718 277<\/td><td>Miron Mo\u017cd\u017ce\u0144<br>Rada Fundacji<br>+48 669 1 2222 4<\/td><td>Seweryn Mo\u017cd\u017ce\u0144<br>Przewodnicz\u0105cy Rady Fundacji<br>+48 791 86 75 99<\/td><\/tr><tr><td><em>Zbigniew Mo\u017cd\u017ce\u0144<br>Administrative Board Chairman<\/em><br><em>+48 508 718 277<\/em><\/td><td><em>Miron Mo\u017cd\u017ce\u0144<br>Board Member<\/em><br><em>+48 669 1 2222 4<\/em><\/td><td><em>Seweryn Mo\u017cd\u017ce\u0144<br>Fund&#8217;s Board Chairman<\/em><br><em>+48 791 86 75 99<\/em><\/td><\/tr><\/tbody><\/table><figcaption class=\"wp-element-caption\">Zesp\u00f3\u0142 Fundacji dr\u00f3g kulturowych<\/figcaption><\/figure>\n\n\n\n<p><strong>Zbigniew Mo\u017cd\u017ce\u0144 <\/strong>\u2013 absolwent Wydzia\u0142u Prawa i Administracji Filii UMCS w Rzeszowie. Prezes Fundacji Dr\u00f3g Kulturowych, kt\u00f3ry od ponad 20 lat zwi\u0105zany jest z inicjowaniem i promowaniem szlak\u00f3w kulturowych oraz pozyskiwaniem funduszy na ich tworzenie. Tw\u00f3rca lub wsp\u00f3\u0142tw\u00f3rca wielu projekt\u00f3w m.in. \u201eDroga Integralnej Odnowy Cz\u0142owieka Via Reginae\u201d, \u201eVia Reginae\u201d, \u201eNa kupieckim szlaku\u201d, \u201eVIA Regia \u2013 Kulturstra\u00dfe des Europarates\u201d. Autor publikacji &#8222;Der kaufm\u00e4nnische Weg&#8221;, \u201eWsp\u00f3lna przesz\u0142o\u015b\u0107 \u2013 wsp\u00f3lna droga \u2013 wsp\u00f3lna przysz\u0142o\u015b\u0107\u201c. Wieloletni dzia\u0142acz spo\u0142eczny oraz Radny Rady Miasta Jaros\u0142awia III i IV kadencji. Zawodowo pe\u0142ni funkcj\u0119 Prezesa Zarz\u0105du Przedsi\u0119biorstwa Gospodarki Komunalnej \u201eEko-Strug\u201d Sp. z o. o. oraz Przedsi\u0119biorstwa Spo\u0142ecznego \u201eEko-Strug Bis\u201d sp. z o.o. Zainteresowany histori\u0105 stosunk\u00f3w gospodarczych, wsp\u00f3\u0142prac\u0105 mi\u0119dzynarodow\u0105, dzia\u0142aniami integracyjnymi. Mieszka w Jaros\u0142awiu.<\/p>\n\n\n\n<p><strong>Miron Mo\u017cd\u017ce\u0144 <\/strong>\u2013 radca prawny, absolwent prawa Uniwersytetu Jagiello\u0144skiego. Wsp\u00f3\u0142za\u0142o\u017cyciel Fundacji Dr\u00f3g Kulturowych. Zawodowo zwi\u0105zany z dzia\u0142alno\u015bci\u0105 samorz\u0105du terytorialnego \u2013 zatrudniony w Urz\u0119dzie Miasta Jaros\u0142awia. Od kilku lat zajmuje si\u0119 pozyskiwaniem funduszy zewn\u0119trznych, g\u0142\u00f3wnie ze \u015brodk\u00f3w Unii Europejskiej. Wsp\u00f3\u0142tw\u00f3rca projektu \u201eDroga Integralnej Odnowy Cz\u0142owieka Via Reginae\u201d. Prywatnie zainteresowany tematyk\u0105 szlak\u00f3w kulturowych oraz psychologi\u0105 spo\u0142eczn\u0105 i \u015brodowiskow\u0105. Mieszka w Jaros\u0142awiu.<\/p>\n\n\n\n<p><strong>Seweryn Mo\u017cd\u017ce\u0144<\/strong> &#8211; absolwent prawa Uniwersytetu Jagiello\u0144skiego, informatyk &#8211; programista, projektuje te\u017c strony internetowe. W Fundacji Dr\u00f3g Kulturowych pe\u0142ni funkcj\u0119 Przewodnicz\u0105cego Rady Fundacji. Tematyk\u0105 szlak\u00f3w kulturowych zajmuje si\u0119 od kilkunastu lat. Uczestniczy\u0142 w konferencji Via Regia w Erfurcie w 2004 roku oraz w konferencji Via Regia &#8211; Kupiecki Szlak &#8211; PWSZ w Jaros\u0142awiu w 2007 roku. Wcze\u015bniej anga\u017cowa\u0142 si\u0119 w dzia\u0142alno\u015b\u0107 organizacji m\u0142odzie\u017cowych. Jako inicjator powstania M\u0142odzie\u017cowej Rady Miasta Jaros\u0142awia zosta\u0142 uhonorowany tytu\u0142em \u201eZas\u0142u\u017cony dla M\u0142odzie\u017cowej Rady Miasta Jaros\u0142awia\u201d. Prywatnie zainteresowany tematyk\u0105 szlak\u00f3w kulturowych oraz psychologi\u0105 i zarz\u0105dzaniem. Mieszka w Jaros\u0142awiu.<\/p>\n","protected":false},"excerpt":{"rendered":"<p>https:\/\/www.youtube.com\/playlist?list=PLFnbBxpgPvKTqoAvvtEPhimZ2zxpaLJfl Kr\u00f3tkie opisy naszych niekt\u00f3rych program\u00f3w: Portfolio: Fundacja na sta\u0142e wsp\u00f3\u0142pracuje z gronem specjalist\u00f3w i ekspert\u00f3w, kt\u00f3rzy posiadaj\u0105 wiedz\u0119 i&nbsp;umiej\u0119tno\u015bci w zakresie przygotowywania i realizacji projekt\u00f3w spo\u0142ecznych, w tym mi\u0119dzy innymi, tworzenia oraz aktualizacji dokument\u00f3w strategicznych dla gmin i powiat\u00f3w. W naszym gronie znajduj\u0105 si\u0119 m.in. ekonomi\u015bci, socjolodzy, politolodzy, pedagodzy, psycholodzy, prawnicy, przedsi\u0119biorcy, duchowni,kt\u00f3rzy byli&hellip; <a class=\"more-link\" href=\"https:\/\/fdk.org.pl\/?page_id=276\">Czytaj dalej <span class=\"screen-reader-text\">Dzia\u0142alno\u015b\u0107<\/span><\/a><\/p>\n","protected":false},"author":1,"featured_media":0,"parent":0,"menu_order":0,"comment_status":"closed","ping_status":"closed","template":"","meta":{"footnotes":""},"class_list":["post-276","page","type-page","status-publish","hentry","entry"],"aioseo_notices":[],"_links":{"self":[{"href":"https:\/\/fdk.org.pl\/index.php?rest_route=\/wp\/v2\/pages\/276","targetHints":{"allow":["GET"]}}],"collection":[{"href":"https:\/\/fdk.org.pl\/index.php?rest_route=\/wp\/v2\/pages"}],"about":[{"href":"https:\/\/fdk.org.pl\/index.php?rest_route=\/wp\/v2\/types\/page"}],"author":[{"embeddable":true,"href":"https:\/\/fdk.org.pl\/index.php?rest_route=\/wp\/v2\/users\/1"}],"replies":[{"embeddable":true,"href":"https:\/\/fdk.org.pl\/index.php?rest_route=%2Fwp%2Fv2%2Fcomments&post=276"}],"version-history":[{"count":7,"href":"https:\/\/fdk.org.pl\/index.php?rest_route=\/wp\/v2\/pages\/276\/revisions"}],"predecessor-version":[{"id":692,"href":"https:\/\/fdk.org.pl\/index.php?rest_route=\/wp\/v2\/pages\/276\/revisions\/692"}],"wp:attachment":[{"href":"https:\/\/fdk.org.pl\/index.php?rest_route=%2Fwp%2Fv2%2Fmedia&parent=276"}],"curies":[{"name":"wp","href":"https:\/\/api.w.org\/{rel}","templated":true}]}}