



{"id":545,"date":"2023-03-12T15:56:42","date_gmt":"2023-03-12T15:56:42","guid":{"rendered":"https:\/\/fdk.org.pl\/?page_id=545"},"modified":"2025-06-08T05:52:10","modified_gmt":"2025-06-08T05:52:10","slug":"darowizny","status":"publish","type":"page","link":"https:\/\/fdk.org.pl\/?page_id=545","title":{"rendered":"Darowizny"},"content":{"rendered":"\n<h5 class=\"wp-block-heading\">Odliczysz od podatku przekazan\u0105 nam darowizn\u0119!<\/h5>\n\n\n\n<p>Fundacja dr\u00f3g kulturowych<\/p>\n\n\n\n<p>ul. Benedykty\u0144ska 5, 37-500 Jaros\u0142aw<\/p>\n\n\n\n<p>Nr. Konta: BNP Paribas Bank Polska S.A<br>PL 44 1600 1462 1838 6700 6000 0001<\/p>\n\n\n\n<p>Tytu\u0142 przelewu: Darowizna na cele statutowe Fundacji dr\u00f3g kulturowych<\/p>\n\n\n\n<figure class=\"wp-block-embed is-type-video is-provider-youtube wp-block-embed-youtube wp-embed-aspect-16-9 wp-has-aspect-ratio\"><div class=\"wp-block-embed__wrapper\">\n<iframe loading=\"lazy\" title=\"Dzia\u0142alno\u015b\u0107\" width=\"750\" height=\"422\" src=\"https:\/\/www.youtube.com\/embed\/videoseries?list=PLFnbBxpgPvKTqoAvvtEPhimZ2zxpaLJfl\" frameborder=\"0\" allow=\"accelerometer; autoplay; clipboard-write; encrypted-media; gyroscope; picture-in-picture; web-share\" referrerpolicy=\"strict-origin-when-cross-origin\" allowfullscreen><\/iframe>\n<\/div><\/figure>\n\n\n\n<p class=\"wp-embed-aspect-16-9 wp-has-aspect-ratio\"><a href=\"https:\/\/youtube.com\/playlist?list=PLFnbBxpgPvKTqoAvvtEPhimZ2zxpaLJfl\">https:\/\/youtube.com\/playlist?list=PLFnbBxpgPvKTqoAvvtEPhimZ2zxpaLJfl<\/a><\/p>\n\n\n\n<h2 class=\"wp-block-heading\"><a href=\"https:\/\/fdk.org.pl\/?page_id=276\" target=\"_blank\" rel=\"noopener\" title=\"\">Poznaj nasz\u0105 dzia\u0142alno\u015b\u0107<\/a><\/h2>\n\n\n\n<p>POKA\u017b IM \u017bE CI NA NICH ZALE\u017bY !<\/p>\n\n\n\n<figure class=\"wp-block-embed is-type-wp-embed is-provider-fdk-org-pl wp-block-embed-fdk-org-pl\"><div class=\"wp-block-embed__wrapper\">\n<blockquote class=\"wp-embedded-content\" data-secret=\"jVXimDtXXx\"><a href=\"https:\/\/fdk.org.pl\/?page_id=532\">PRZEDSI\u0118BIORCO! &#8211; Odliczysz od podatku przekazan\u0105 nam darowizn\u0119!<\/a><\/blockquote><iframe loading=\"lazy\" class=\"wp-embedded-content\" sandbox=\"allow-scripts\" security=\"restricted\" style=\"position: absolute; clip: rect(1px, 1px, 1px, 1px);\" title=\"&#8222;PRZEDSI\u0118BIORCO! &#8211; Odliczysz od podatku przekazan\u0105 nam darowizn\u0119!&#8221; &#8212; fdk.org.pl\" src=\"https:\/\/fdk.org.pl\/?page_id=532&#038;embed=true#?secret=s0hCREJa21#?secret=jVXimDtXXx\" data-secret=\"jVXimDtXXx\" width=\"600\" height=\"338\" frameborder=\"0\" marginwidth=\"0\" marginheight=\"0\" scrolling=\"no\"><\/iframe>\n<\/div><\/figure>\n\n\n\n<p>Jak jako firma mo\u017cesz odliczy\u0107 darowizn\u0119 dla organizacji pozarz\u0105dowej od podatku?<\/p>\n\n\n\n<p><a href=\"https:\/\/darowizny.ngo.pl\/strefa-darczyncy-dowiedz-sie\/jak-firma-moze-przekazac-darowizne-stowarzyszeniu-fundacji\">https:\/\/darowizny.ngo.pl\/strefa-darczyncy-dowiedz-sie\/jak-firma-moze-przekazac-darowizne-stowarzyszeniu-fundacji<\/a><\/p>\n\n\n\n<figure class=\"wp-block-embed is-type-wp-embed is-provider-fdk-org-pl wp-block-embed-fdk-org-pl\"><div class=\"wp-block-embed__wrapper\">\n<blockquote class=\"wp-embedded-content\" data-secret=\"Kz9goqilAO\"><a href=\"https:\/\/fdk.org.pl\/?page_id=541\">PODATNIKU! (PIT) &#8211; Odliczysz od podatku przekazan\u0105 nam darowizn\u0119!<\/a><\/blockquote><iframe loading=\"lazy\" class=\"wp-embedded-content\" sandbox=\"allow-scripts\" security=\"restricted\" style=\"position: absolute; clip: rect(1px, 1px, 1px, 1px);\" title=\"&#8222;PODATNIKU! (PIT) &#8211; Odliczysz od podatku przekazan\u0105 nam darowizn\u0119!&#8221; &#8212; fdk.org.pl\" src=\"https:\/\/fdk.org.pl\/?page_id=541&#038;embed=true#?secret=9BfVJn0Loa#?secret=Kz9goqilAO\" data-secret=\"Kz9goqilAO\" width=\"600\" height=\"338\" frameborder=\"0\" marginwidth=\"0\" marginheight=\"0\" scrolling=\"no\"><\/iframe>\n<\/div><\/figure>\n\n\n\n<p>Jak mo\u017cesz odliczy\u0107 darowizn\u0119 dla organizacji pozarz\u0105dowej od podatku?<\/p>\n\n\n\n<p><a href=\"https:\/\/darowizny.ngo.pl\/strefa-darczyncy-dowiedz-sie\/jak-mozesz-odliczyc-darowizne-dla-organizacji-pozarzadowej-od-podatku\">https:\/\/darowizny.ngo.pl\/strefa-darczyncy-dowiedz-sie\/jak-mozesz-odliczyc-darowizne-dla-organizacji-pozarzadowej-od-podatku<\/a><\/p>\n\n\n\n<p>Dzi\u0119kujemy serdecznie za okazywane nam wsparcie, polubienia i udost\u0119pnienia strony i post\u00f3w na <a href=\"https:\/\/www.facebook.com\/fdrogkulturowych\" target=\"_blank\" rel=\"noopener\" title=\"\">Facebooku<\/a>, udost\u0119pnianie zbi\u00f3rek i okazywan\u0105 nam sympati\u0119.<\/p>\n\n\n\n<p>Zesp\u00f3\u0142 Fundacji dr\u00f3g kulturowych<\/p>\n\n\n\n<figure class=\"wp-block-table\"><table class=\"has-fixed-layout\"><tbody><tr><td><img decoding=\"async\" style=\"width: 150px;\" src=\"https:\/\/fdk.org.pl:443\/wp-content\/uploads\/2022\/06\/zm.jpg\" alt=\"\"><\/td><td><img decoding=\"async\" style=\"width: 150px;\" src=\"https:\/\/fdk.org.pl:443\/wp-content\/uploads\/2022\/06\/mm.jpg\" alt=\"\"><\/td><td><img decoding=\"async\" style=\"width: 150px;\" src=\"https:\/\/fdk.org.pl:443\/wp-content\/uploads\/2022\/06\/sm.jpg\" alt=\"\"><\/td><\/tr><tr><td>Zbigniew Mo\u017cd\u017ce\u0144<br>Prezes Zarz\u0105du<br>+48 508 718 277<\/td><td>Miron Mo\u017cd\u017ce\u0144<br>Rada Fundacji<br>+48 669 1 2222 4<\/td><td>Seweryn Mo\u017cd\u017ce\u0144<br>Przewodnicz\u0105cy Rady Fundacji<br>+48 791 86 75 99<\/td><\/tr><tr><td><em>Zbigniew Mo\u017cd\u017ce\u0144<br>Administrative Board Chairman<\/em><br><em>+48 508 718 277<\/em><\/td><td><em>Miron Mo\u017cd\u017ce\u0144<br>Board Member<\/em><br><em>+48 669 1 2222 4<\/em><\/td><td><em>Seweryn Mo\u017cd\u017ce\u0144<br>Fund&#8217;s Board Chairman<\/em><br><em>+48 791 86 75 99<\/em><\/td><\/tr><\/tbody><\/table><\/figure>\n\n\n\n<p><strong>Zbigniew Mo\u017cd\u017ce\u0144 <\/strong>\u2013 absolwent Wydzia\u0142u Prawa i Administracji Filii UMCS w Rzeszowie. Prezes Fundacji Dr\u00f3g Kulturowych, kt\u00f3ry od ponad 20 lat zwi\u0105zany jest z inicjowaniem i promowaniem szlak\u00f3w kulturowych oraz pozyskiwaniem funduszy na ich tworzenie. Tw\u00f3rca lub wsp\u00f3\u0142tw\u00f3rca wielu projekt\u00f3w m.in. \u201eDroga Integralnej Odnowy Cz\u0142owieka Via Reginae\u201d, \u201eVia Reginae\u201d, \u201eNa kupieckim szlaku\u201d, \u201eVIA Regia \u2013 Kulturstra\u00dfe des Europarates\u201d. Autor publikacji &#8222;Der kaufm\u00e4nnische Weg&#8221;, \u201eWsp\u00f3lna przesz\u0142o\u015b\u0107 \u2013 wsp\u00f3lna droga \u2013 wsp\u00f3lna przysz\u0142o\u015b\u0107\u201c. Wieloletni dzia\u0142acz spo\u0142eczny oraz Radny Rady Miasta Jaros\u0142awia III i IV kadencji. Zawodowo pe\u0142ni funkcj\u0119 Prezesa Zarz\u0105du Przedsi\u0119biorstwa Gospodarki Komunalnej \u201eEko-Strug\u201d Sp. z o. o. oraz Przedsi\u0119biorstwa Spo\u0142ecznego \u201eEko-Strug Bis\u201d sp. z o.o. Zainteresowany histori\u0105 stosunk\u00f3w gospodarczych, wsp\u00f3\u0142prac\u0105 mi\u0119dzynarodow\u0105, dzia\u0142aniami integracyjnymi. Mieszka w Jaros\u0142awiu.<\/p>\n\n\n\n<p><strong>Miron Mo\u017cd\u017ce\u0144 <\/strong>\u2013 radca prawny, absolwent prawa Uniwersytetu Jagiello\u0144skiego. Wsp\u00f3\u0142za\u0142o\u017cyciel Fundacji Dr\u00f3g Kulturowych. Zawodowo zwi\u0105zany z dzia\u0142alno\u015bci\u0105 samorz\u0105du terytorialnego \u2013 zatrudniony w Urz\u0119dzie Miasta Jaros\u0142awia. Od kilku lat zajmuje si\u0119 pozyskiwaniem funduszy zewn\u0119trznych, g\u0142\u00f3wnie ze \u015brodk\u00f3w Unii Europejskiej. Wsp\u00f3\u0142tw\u00f3rca projektu \u201eDroga Integralnej Odnowy Cz\u0142owieka Via Reginae\u201d. Prywatnie zainteresowany tematyk\u0105 szlak\u00f3w kulturowych oraz psychologi\u0105 spo\u0142eczn\u0105 i \u015brodowiskow\u0105. Mieszka w Jaros\u0142awiu.<\/p>\n\n\n\n<p><strong>Seweryn Mo\u017cd\u017ce\u0144<\/strong> &#8211; absolwent prawa Uniwersytetu Jagiello\u0144skiego, informatyk &#8211; programista, projektuje te\u017c strony internetowe. W Fundacji Dr\u00f3g Kulturowych pe\u0142ni funkcj\u0119 Przewodnicz\u0105cego Rady Fundacji. Tematyk\u0105 szlak\u00f3w kulturowych zajmuje si\u0119 od kilkunastu lat. Uczestniczy\u0142 w konferencji Via Regia w Erfurcie w 2004 roku oraz w konferencji Via Regia &#8211; Kupiecki Szlak &#8211; PWSZ w Jaros\u0142awiu w 2007 roku. Wcze\u015bniej anga\u017cowa\u0142 si\u0119 w dzia\u0142alno\u015b\u0107 organizacji m\u0142odzie\u017cowych. Jako inicjator powstania M\u0142odzie\u017cowej Rady Miasta Jaros\u0142awia zosta\u0142 uhonorowany tytu\u0142em \u201eZas\u0142u\u017cony dla M\u0142odzie\u017cowej Rady Miasta Jaros\u0142awia\u201d. Prywatnie zainteresowany tematyk\u0105 szlak\u00f3w kulturowych oraz psychologi\u0105 i zarz\u0105dzaniem. Mieszka w Jaros\u0142awiu.<\/p>\n","protected":false},"excerpt":{"rendered":"<p>Odliczysz od podatku przekazan\u0105 nam darowizn\u0119! Fundacja dr\u00f3g kulturowych ul. Benedykty\u0144ska 5, 37-500 Jaros\u0142aw Nr. Konta: BNP Paribas Bank Polska S.APL 44 1600 1462 1838 6700 6000 0001 Tytu\u0142 przelewu: Darowizna na cele statutowe Fundacji dr\u00f3g kulturowych https:\/\/youtube.com\/playlist?list=PLFnbBxpgPvKTqoAvvtEPhimZ2zxpaLJfl Poznaj nasz\u0105 dzia\u0142alno\u015b\u0107 POKA\u017b IM \u017bE CI NA NICH ZALE\u017bY ! Jak jako firma mo\u017cesz odliczy\u0107 darowizn\u0119&hellip; <a class=\"more-link\" href=\"https:\/\/fdk.org.pl\/?page_id=545\">Czytaj dalej <span class=\"screen-reader-text\">Darowizny<\/span><\/a><\/p>\n","protected":false},"author":1,"featured_media":0,"parent":0,"menu_order":0,"comment_status":"closed","ping_status":"closed","template":"","meta":{"footnotes":""},"class_list":["post-545","page","type-page","status-publish","hentry","entry"],"aioseo_notices":[],"_links":{"self":[{"href":"https:\/\/fdk.org.pl\/index.php?rest_route=\/wp\/v2\/pages\/545","targetHints":{"allow":["GET"]}}],"collection":[{"href":"https:\/\/fdk.org.pl\/index.php?rest_route=\/wp\/v2\/pages"}],"about":[{"href":"https:\/\/fdk.org.pl\/index.php?rest_route=\/wp\/v2\/types\/page"}],"author":[{"embeddable":true,"href":"https:\/\/fdk.org.pl\/index.php?rest_route=\/wp\/v2\/users\/1"}],"replies":[{"embeddable":true,"href":"https:\/\/fdk.org.pl\/index.php?rest_route=%2Fwp%2Fv2%2Fcomments&post=545"}],"version-history":[{"count":15,"href":"https:\/\/fdk.org.pl\/index.php?rest_route=\/wp\/v2\/pages\/545\/revisions"}],"predecessor-version":[{"id":689,"href":"https:\/\/fdk.org.pl\/index.php?rest_route=\/wp\/v2\/pages\/545\/revisions\/689"}],"wp:attachment":[{"href":"https:\/\/fdk.org.pl\/index.php?rest_route=%2Fwp%2Fv2%2Fmedia&parent=545"}],"curies":[{"name":"wp","href":"https:\/\/api.w.org\/{rel}","templated":true}]}}